{"id":1989,"date":"2015-01-28T16:58:39","date_gmt":"2015-01-28T16:58:39","guid":{"rendered":"http:\/\/radioprimiciapelluhue.cl\/?page_id=1989"},"modified":"2016-07-02T02:26:39","modified_gmt":"2016-07-02T02:26:39","slug":"quienes-somos","status":"publish","type":"page","link":"https:\/\/radioprimiciapelluhue.cl\/?page_id=1989","title":{"rendered":"Quienes Somos +56984496192"},"content":{"rendered":"<p>&nbsp;<\/p>\n<p>Somos una peque\u00f1a radio que esta ubicada en la VII regi\u00f3n del maule en el l\u00edmite con la VIII regi\u00f3n y la \u00fanica que esta d\u00eda a d\u00eda con su gente en vivo apoyando, entreteniendo, acompa\u00f1ando, ayudando a toda la comuna en lo que podemos desde el a\u00f1o 1998 un d\u00eda 02 de enero partimos con este sue\u00f1o y seguir\u00e9 hasta donde Dios me de salud y energ\u00eda<\/p>\n","protected":false},"excerpt":{"rendered":"<p>&nbsp; Somos una peque\u00f1a radio que esta ubicada en la VII regi\u00f3n del maule en el l\u00edmite con la VIII regi\u00f3n y la \u00fanica que esta d\u00eda a d\u00eda con su gente en vivo apoyando, entreteniendo, acompa\u00f1ando, ayudando a toda la comuna en lo que podemos desde el a\u00f1o 1998 un d\u00eda 02 de enero [&hellip;]<\/p>\n","protected":false},"author":1,"featured_media":0,"parent":0,"menu_order":0,"comment_status":"closed","ping_status":"closed","template":"","meta":{"footnotes":""},"class_list":["post-1989","page","type-page","status-publish","hentry"],"_links":{"self":[{"href":"https:\/\/radioprimiciapelluhue.cl\/index.php?rest_route=\/wp\/v2\/pages\/1989","targetHints":{"allow":["GET"]}}],"collection":[{"href":"https:\/\/radioprimiciapelluhue.cl\/index.php?rest_route=\/wp\/v2\/pages"}],"about":[{"href":"https:\/\/radioprimiciapelluhue.cl\/index.php?rest_route=\/wp\/v2\/types\/page"}],"author":[{"embeddable":true,"href":"https:\/\/radioprimiciapelluhue.cl\/index.php?rest_route=\/wp\/v2\/users\/1"}],"replies":[{"embeddable":true,"href":"https:\/\/radioprimiciapelluhue.cl\/index.php?rest_route=%2Fwp%2Fv2%2Fcomments&post=1989"}],"version-history":[{"count":3,"href":"https:\/\/radioprimiciapelluhue.cl\/index.php?rest_route=\/wp\/v2\/pages\/1989\/revisions"}],"predecessor-version":[{"id":2108,"href":"https:\/\/radioprimiciapelluhue.cl\/index.php?rest_route=\/wp\/v2\/pages\/1989\/revisions\/2108"}],"wp:attachment":[{"href":"https:\/\/radioprimiciapelluhue.cl\/index.php?rest_route=%2Fwp%2Fv2%2Fmedia&parent=1989"}],"curies":[{"name":"wp","href":"https:\/\/api.w.org\/{rel}","templated":true}]}}